[INFO] cloning repository https://github.com/Bartoshko/live_stream_analizer
[INFO] running `Command { std: "git" "-c" "credential.helper=" "-c" "credential.helper=/workspace/cargo-home/bin/git-credential-null" "clone" "--bare" "https://github.com/Bartoshko/live_stream_analizer" "/workspace/cache/git-repos/https%3A%2F%2Fgithub.com%2FBartoshko%2Flive_stream_analizer", kill_on_drop: false }`
[INFO] [stderr] Cloning into bare repository '/workspace/cache/git-repos/https%3A%2F%2Fgithub.com%2FBartoshko%2Flive_stream_analizer'...
[INFO] running `Command { std: "git" "rev-parse" "HEAD", kill_on_drop: false }`
[INFO] [stdout] 11612b2ca3f457463bebc81b51eb9d1365be6a36
[INFO] checking Bartoshko/live_stream_analizer against master#af3c6e733a40e671550e0f0f5aeecaa13772ba56 for pr-74989
[INFO] running `Command { std: "git" "clone" "/workspace/cache/git-repos/https%3A%2F%2Fgithub.com%2FBartoshko%2Flive_stream_analizer" "/workspace/builds/worker-12/source", kill_on_drop: false }`
[INFO] [stderr] Cloning into '/workspace/builds/worker-12/source'...
[INFO] [stderr] done.
[INFO] validating manifest of git repo https://github.com/Bartoshko/live_stream_analizer on toolchain af3c6e733a40e671550e0f0f5aeecaa13772ba56
[INFO] running `Command { std: "/workspace/cargo-home/bin/cargo" "+af3c6e733a40e671550e0f0f5aeecaa13772ba56" "read-manifest" "--manifest-path" "Cargo.toml", kill_on_drop: false }`
[INFO] started tweaking git repo https://github.com/Bartoshko/live_stream_analizer
[INFO] finished tweaking git repo https://github.com/Bartoshko/live_stream_analizer
[INFO] tweaked toml for git repo https://github.com/Bartoshko/live_stream_analizer written to /workspace/builds/worker-12/source/Cargo.toml
[INFO] crate git repo https://github.com/Bartoshko/live_stream_analizer already has a lockfile, it will not be regenerated
[INFO] running `Command { std: "/workspace/cargo-home/bin/cargo" "+af3c6e733a40e671550e0f0f5aeecaa13772ba56" "fetch" "--locked" "--manifest-path" "Cargo.toml", kill_on_drop: false }`
[INFO] running `Command { std: "docker" "create" "-v" "/var/lib/crater-agent-workspace/builds/worker-12/target:/opt/rustwide/target:rw,Z" "-v" "/var/lib/crater-agent-workspace/builds/worker-12/source:/opt/rustwide/workdir:ro,Z" "-v" "/var/lib/crater-agent-workspace/cargo-home:/opt/rustwide/cargo-home:ro,Z" "-v" "/var/lib/crater-agent-workspace/rustup-home:/opt/rustwide/rustup-home:ro,Z" "-e" "SOURCE_DIR=/opt/rustwide/workdir" "-e" "CARGO_TARGET_DIR=/opt/rustwide/target" "-e" "CARGO_HOME=/opt/rustwide/cargo-home" "-e" "RUSTUP_HOME=/opt/rustwide/rustup-home" "-w" "/opt/rustwide/workdir" "-m" "1610612736" "--user" "0:0" "--network" "none" "rustops/crates-build-env@sha256:d92eaeed33fa75130ca1ee6c8a01d1ffb62bac859dfdfb3450e3e5d1c0146529" "/opt/rustwide/cargo-home/bin/cargo" "+af3c6e733a40e671550e0f0f5aeecaa13772ba56" "metadata" "--no-deps" "--format-version=1", kill_on_drop: false }`
[INFO] [stdout] 6c9709e3c94adf24c184553e08e2c54f2b6eb78ef4adaa4ce46c9099d612d3c2
[INFO] [stderr] WARNING: Your kernel does not support swap limit capabilities or the cgroup is not mounted. Memory limited without swap.
[INFO] running `Command { std: "docker" "start" "-a" "6c9709e3c94adf24c184553e08e2c54f2b6eb78ef4adaa4ce46c9099d612d3c2", kill_on_drop: false }`
[INFO] running `Command { std: "docker" "inspect" "6c9709e3c94adf24c184553e08e2c54f2b6eb78ef4adaa4ce46c9099d612d3c2", kill_on_drop: false }`
[INFO] running `Command { std: "docker" "rm" "-f" "6c9709e3c94adf24c184553e08e2c54f2b6eb78ef4adaa4ce46c9099d612d3c2", kill_on_drop: false }`
[INFO] [stdout] 6c9709e3c94adf24c184553e08e2c54f2b6eb78ef4adaa4ce46c9099d612d3c2
[INFO] running `Command { std: "docker" "create" "-v" "/var/lib/crater-agent-workspace/builds/worker-12/target:/opt/rustwide/target:rw,Z" "-v" "/var/lib/crater-agent-workspace/builds/worker-12/source:/opt/rustwide/workdir:ro,Z" "-v" "/var/lib/crater-agent-workspace/cargo-home:/opt/rustwide/cargo-home:ro,Z" "-v" "/var/lib/crater-agent-workspace/rustup-home:/opt/rustwide/rustup-home:ro,Z" "-e" "SOURCE_DIR=/opt/rustwide/workdir" "-e" "CARGO_TARGET_DIR=/opt/rustwide/target" "-e" "CARGO_INCREMENTAL=0" "-e" "RUST_BACKTRACE=full" "-e" "RUSTFLAGS=--cap-lints=forbid" "-e" "CARGO_HOME=/opt/rustwide/cargo-home" "-e" "RUSTUP_HOME=/opt/rustwide/rustup-home" "-w" "/opt/rustwide/workdir" "-m" "1610612736" "--user" "0:0" "--network" "none" "rustops/crates-build-env@sha256:d92eaeed33fa75130ca1ee6c8a01d1ffb62bac859dfdfb3450e3e5d1c0146529" "/opt/rustwide/cargo-home/bin/cargo" "+af3c6e733a40e671550e0f0f5aeecaa13772ba56" "check" "--frozen" "--all" "--all-targets" "--message-format=json", kill_on_drop: false }`
[INFO] [stdout] 10026d26e226303f4ddf9a7aca48ec45499f575c0932178fa8baecd8fec893ad
[INFO] [stderr] WARNING: Your kernel does not support swap limit capabilities or the cgroup is not mounted. Memory limited without swap.
[INFO] running `Command { std: "docker" "start" "-a" "10026d26e226303f4ddf9a7aca48ec45499f575c0932178fa8baecd8fec893ad", kill_on_drop: false }`
[INFO] [stderr]     Blocking waiting for file lock on package cache
[INFO] [stderr]    Compiling cc v1.0.41
[INFO] [stderr]    Compiling autocfg v0.1.6
[INFO] [stderr]    Compiling version_check v0.1.5
[INFO] [stderr]    Compiling log v0.4.8
[INFO] [stderr]    Compiling proc-macro2 v0.4.30
[INFO] [stderr]    Compiling pkg-config v0.3.15
[INFO] [stderr]     Checking smallvec v0.6.10
[INFO] [stderr]     Checking futures v0.1.28
[INFO] [stderr]     Checking either v1.5.2
[INFO] [stderr]     Checking slab v0.4.2
[INFO] [stderr]    Compiling proc-macro2 v1.0.2
[INFO] [stderr]    Compiling failure_derive v0.1.5
[INFO] [stderr]    Compiling arrayvec v0.4.11
[INFO] [stderr]    Compiling matches v0.1.8
[INFO] [stderr]    Compiling serde v1.0.99
[INFO] [stderr]     Checking scopeguard v1.0.0
[INFO] [stderr]     Checking rustc-demangle v0.1.16
[INFO] [stderr]    Compiling adler32 v1.0.3
[INFO] [stderr]    Compiling safemem v0.3.2
[INFO] [stderr]     Checking indexmap v1.1.0
[INFO] [stderr]     Checking futures-core-preview v0.3.0-alpha.16
[INFO] [stderr]    Compiling curl v0.4.23
[INFO] [stderr]    Compiling percent-encoding v1.0.1
[INFO] [stderr]    Compiling ryu v1.0.0
[INFO] [stderr]    Compiling openssl v0.10.24
[INFO] [stderr]    Compiling lazy_static v1.4.0
[INFO] [stderr]    Compiling openssl-probe v0.1.2
[INFO] [stderr]    Compiling podio v0.1.6
[INFO] [stderr]     Checking foreign-types-shared v0.1.1
[INFO] [stderr]    Compiling matrixmultiply v0.1.15
[INFO] [stderr]    Compiling traitobject v0.1.0
[INFO] [stderr]     Checking untrusted v0.6.2
[INFO] [stderr]     Checking typeable v0.1.2
[INFO] [stderr]     Checking rawpointer v0.1.0
[INFO] [stderr]    Compiling ndarray v0.12.1
[INFO] [stderr]    Compiling encoding_rs v0.8.17
[INFO] [stderr]     Checking pin-utils v0.1.0-alpha.4
[INFO] [stderr]     Checking dtoa v0.4.4
[INFO] [stderr]     Checking quick-error v1.2.2
[INFO] [stderr]     Checking unicode-xid v0.1.0
[INFO] [stderr]     Checking termcolor v1.0.5
[INFO] [stderr]     Checking nom v1.2.4
[INFO] [stderr]     Checking crossbeam-utils v0.6.6
[INFO] [stderr]     Checking thread_local v0.3.6
[INFO] [stderr]     Checking try_from v0.3.2
[INFO] [stderr]    Compiling unicode-bidi v0.3.4
[INFO] [stderr]     Checking itertools v0.7.11
[INFO] [stderr]    Compiling miniz_oxide v0.3.2
[INFO] [stderr]     Checking unicode-normalization v0.1.8
[INFO] [stderr]    Compiling rocket_codegen v0.4.2
[INFO] [stderr]    Compiling rocket v0.4.2
[INFO] [stderr]     Checking futures-channel-preview v0.3.0-alpha.16
[INFO] [stderr]     Checking futures-io-preview v0.3.0-alpha.16
[INFO] [stderr]    Compiling cmake v0.1.42
[INFO] [stderr]    Compiling unicase v1.4.2
[INFO] [stderr]    Compiling pear_codegen v0.1.2
[INFO] [stderr]    Compiling unicase v2.4.0
[INFO] [stderr]    Compiling error-chain v0.12.1
[INFO] [stderr]     Checking foreign-types v0.3.2
[INFO] [stderr]    Compiling rand_chacha v0.1.1
[INFO] [stderr]    Compiling rand_pcg v0.1.2
[INFO] [stderr]    Compiling rand v0.6.5
[INFO] [stderr]    Compiling num-traits v0.2.8
[INFO] [stderr]    Compiling num-complex v0.2.3
[INFO] [stderr]    Compiling libc v0.2.62
[INFO] [stderr]    Compiling byteorder v1.3.2
[INFO] [stderr]     Checking humantime v1.2.0
[INFO] [stderr]    Compiling crc32fast v1.2.0
[INFO] [stderr]    Compiling bitflags v1.1.0
[INFO] [stderr]    Compiling httparse v1.3.4
[INFO] [stderr]     Checking crossbeam-queue v0.1.2
[INFO] [stderr]     Checking crossbeam-channel v0.3.9
[INFO] [stderr]     Checking m3u8-rs v1.0.5
[INFO] [stderr]     Checking futures-sink-preview v0.3.0-alpha.16
[INFO] [stderr]     Checking tokio-executor v0.1.8
[INFO] [stderr]     Checking tokio-sync v0.1.6
[INFO] [stderr]     Checking iovec v0.1.2
[INFO] [stderr]     Checking num_cpus v1.10.1
[INFO] [stderr]     Checking rand_os v0.1.3
[INFO] [stderr]     Checking time v0.1.42
[INFO] [stderr]     Checking net2 v0.2.33
[INFO] [stderr]     Checking base64 v0.9.3
[INFO] [stderr]     Checking base64 v0.10.1
[INFO] [stderr]    Compiling memoffset v0.5.1
[INFO] [stderr]    Compiling hyper v0.12.33
[INFO] [stderr]     Checking flate2 v1.0.11
[INFO] [stderr]    Compiling openssl-sys v0.9.49
[INFO] [stderr]    Compiling backtrace-sys v0.1.31
[INFO] [stderr]    Compiling bzip2-sys v0.1.7
[INFO] [stderr]    Compiling libz-sys v1.0.25
[INFO] [stderr]    Compiling ring v0.13.5
[INFO] [stderr]    Compiling curl-sys v0.4.21
[INFO] [stderr]    Compiling log v0.3.9
[INFO] [stderr]     Checking want v0.2.0
[INFO] [stderr]     Checking futures-util-preview v0.3.0-alpha.16
[INFO] [stderr]     Checking idna v0.1.5
[INFO] [stderr]     Checking idna v0.2.0
[INFO] [stderr]     Checking futures-cpupool v0.1.8
[INFO] [stderr]     Checking bytes v0.4.12
[INFO] [stderr]     Checking tokio-timer v0.2.11
[INFO] [stderr]     Checking tokio-current-thread v0.1.6
[INFO] [stderr]    Compiling socket2 v0.3.11
[INFO] [stderr]     Checking regex v1.2.1
[INFO] [stderr]    Compiling quote v0.6.13
[INFO] [stderr]    Compiling quote v1.0.2
[INFO] [stderr]     Checking mio v0.6.19
[INFO] [stderr]     Checking mime v0.2.6
[INFO] [stderr]     Checking url v1.7.2
[INFO] [stderr]     Checking mime v0.3.13
[INFO] [stderr]     Checking url v2.1.0
[INFO] [stderr]    Compiling mime_guess v2.0.1
[INFO] [stderr]     Checking tokio-io v0.1.12
[INFO] [stderr]     Checking http v0.1.18
[INFO] [stderr]     Checking string v0.2.1
[INFO] [stderr]     Checking tokio-buf v0.1.1
[INFO] [stderr]    Compiling syn v0.15.44
[INFO] [stderr]    Compiling syn v1.0.5
[INFO] [stderr]    Compiling native-tls v0.2.3
[INFO] [stderr]     Checking crossbeam-epoch v0.7.2
[INFO] [stderr]     Checking env_logger v0.6.2
[INFO] [stderr]    Compiling bzip2 v0.3.3
[INFO] [stderr]     Checking backtrace v0.3.35
[INFO] [stderr]     Checking cookie v0.12.0
[INFO] [stderr]     Checking hyper v0.10.16
[INFO] [stderr]    Compiling zip v0.5.3
[INFO] [stderr]     Checking crossbeam-deque v0.7.1
[INFO] [stderr]     Checking futures-executor-preview v0.3.0-alpha.16
[INFO] [stderr]     Checking parking_lot_core v0.4.0
[INFO] [stderr]     Checking uuid v0.7.4
[INFO] [stderr]     Checking publicsuffix v1.5.3
[INFO] [stderr]     Checking tokio-threadpool v0.1.15
[INFO] [stderr]     Checking futures-preview v0.3.0-alpha.16
[INFO] [stderr]     Checking parking_lot v0.7.1
[INFO] [stderr]     Checking tokio-reactor v0.1.9
[INFO] [stderr]    Compiling cookie v0.11.1
[INFO] [stderr]     Checking http-body v0.1.0
[INFO] [stderr]     Checking h2 v0.1.26
[INFO] [stderr]     Checking tokio-tcp v0.1.3
[INFO] [stderr]     Checking tokio v0.1.22
[INFO] [stderr]    Compiling serde_derive v1.0.99
[INFO] [stderr]     Checking hyper-tls v0.3.2
[INFO] [stderr]    Compiling synstructure v0.10.2
[INFO] [stderr]    Compiling devise_core v0.2.0
[INFO] [stderr]    Compiling devise_codegen v0.2.0
[INFO] [stderr]    Compiling devise v0.2.0
[INFO] [stderr]    Compiling failure v0.1.5
[INFO] [stderr]    Compiling torch-sys v0.1.1
[INFO] [stderr]    Compiling pear v0.1.2
[INFO] [stderr]     Checking rocket_http v0.4.2
[INFO] [stderr] error: failed to run custom build command for `torch-sys v0.1.1`
[INFO] [stderr] 
[INFO] [stderr] Caused by:
[INFO] [stderr]   process didn't exit successfully: `/opt/rustwide/target/debug/build/torch-sys-51b5c17961445d2a/build-script-build` (exit code: 101)
[INFO] [stderr]   --- stderr
[INFO] [stderr]   thread 'main' panicked at 'called `Result::unwrap()` on an `Err` value: Error { description: "Couldn\'t resolve host name", code: 6, extra: None }
[INFO] [stderr] 
[INFO] [stderr]   stack backtrace:
[INFO] [stderr]      0: failure::backtrace::internal::InternalBacktrace::new::h970294579163a441 (0x555b98c6dcf4)
[INFO] [stderr]                at /opt/rustwide/cargo-home/registry/src/github.com-1ecc6299db9ec823/failure-0.1.5/src/backtrace/internal.rs:44
[INFO] [stderr]      1: failure::backtrace::Backtrace::new::hc1887566adbc6426 (0x555b98c6cb3e)
[INFO] [stderr]                at /opt/rustwide/cargo-home/registry/src/github.com-1ecc6299db9ec823/failure-0.1.5/src/backtrace/mod.rs:111
[INFO] [stderr]      2: <failure::error::error_impl::ErrorImpl as core::convert::From<F>>::from::h7bbc74a0783f7b1f (0x555b98b4e1bc)
[INFO] [stderr]                at /opt/rustwide/cargo-home/registry/src/github.com-1ecc6299db9ec823/failure-0.1.5/src/error/error_impl.rs:19
[INFO] [stderr]      3: <failure::error::Error as core::convert::From<F>>::from::h4afa46399fbb8e61 (0x555b98b50ac8)
[INFO] [stderr]                at /opt/rustwide/cargo-home/registry/src/github.com-1ecc6299db9ec823/failure-0.1.5/src/error/mod.rs:36
[INFO] [stderr]      4: build_script_build::download::h938f6c771142648e (0x555b98b4481c)
[INFO] [stderr]                at /opt/rustwide/cargo-home/registry/src/github.com-1ecc6299db9ec823/torch-sys-0.1.1/build.rs:30
[INFO] [stderr]      5: build_script_build::prepare_libtorch_dir::h54b119eb5e9231ed (0x555b98b466a9)
[INFO] [stderr]                at /opt/rustwide/cargo-home/registry/src/github.com-1ecc6299db9ec823/torch-sys-0.1.1/build.rs:106
[INFO] [stderr]      6: build_script_build::main::h19220aaf8659ad3b (0x555b98b472c1)
[INFO] [stderr]                at /opt/rustwide/cargo-home/registry/src/github.com-1ecc6299db9ec823/torch-sys-0.1.1/build.rs:143
[INFO] [stderr]      7: core::ops::function::FnOnce::call_once::hd296e02af521ba20 (0x555b98b4c9cb)
[INFO] [stderr]                at /rustc/af3c6e733a40e671550e0f0f5aeecaa13772ba56/library/core/src/ops/function.rs:227
[INFO] [stderr]      8: std::sys_common::backtrace::__rust_begin_short_backtrace::h2c9e05e1766bcbf0 (0x555b98b424ee)
[INFO] [stderr]                at /rustc/af3c6e733a40e671550e0f0f5aeecaa13772ba56/library/std/src/sys_common/backtrace.rs:137
[INFO] [stderr]      9: std::rt::lang_start::{{closure}}::h438e9bf78db2bb37 (0x555b98b413d1)
[INFO] [stderr]                at /rustc/af3c6e733a40e671550e0f0f5aeecaa13772ba56/library/std/src/rt.rs:66
[INFO] [stderr]     10: core::ops::function::impls::<impl core::ops::function::FnOnce<A> for &F>::call_once::hecc21eb9018cc197 (0x555b98cbc981)
[INFO] [stderr]                at /rustc/af3c6e733a40e671550e0f0f5aeecaa13772ba56/library/core/src/ops/function.rs:259
[INFO] [stderr]         std::panicking::try::do_call::h174ad655d084b5c7
[INFO] [stderr]                at library/std/src/panicking.rs:381
[INFO] [stderr]         std::panicking::try::h479e6054ce28de10
[INFO] [stderr]                at library/std/src/panicking.rs:345
[INFO] [stderr]         std::panic::catch_unwind::hb558ddea2b3e9c45
[INFO] [stderr]                at library/std/src/panic.rs:382
[INFO] [stderr]         std::rt::lang_start_internal::h163149047f0a8b61
[INFO] [stderr]                at library/std/src/rt.rs:51
[INFO] [stderr]     11: std::rt::lang_start::hd5ae8a183974df2f (0x555b98b413a7)
[INFO] [stderr]                at /rustc/af3c6e733a40e671550e0f0f5aeecaa13772ba56/library/std/src/rt.rs:65
[INFO] [stderr]     12: main (0x555b98b475ea)
[INFO] [stderr]     13: __libc_start_main (0x7f24562820b3)
[INFO] [stderr]     14: _start (0x555b98b3905e)
[INFO] [stderr]     15: <unknown> (0x0)', /opt/rustwide/cargo-home/registry/src/github.com-1ecc6299db9ec823/torch-sys-0.1.1/build.rs:106:48
[INFO] [stderr]   stack backtrace:
[INFO] [stderr]      0:     0x555b98cb94d0 - std::backtrace_rs::backtrace::libunwind::trace::h452faf99f32e7c93
[INFO] [stderr]                                  at /rustc/af3c6e733a40e671550e0f0f5aeecaa13772ba56/library/std/src/../../backtrace/src/backtrace/libunwind.rs:96
[INFO] [stderr]      1:     0x555b98cb94d0 - std::backtrace_rs::backtrace::trace_unsynchronized::he40edc71437667a1
[INFO] [stderr]                                  at /rustc/af3c6e733a40e671550e0f0f5aeecaa13772ba56/library/std/src/../../backtrace/src/backtrace/mod.rs:66
[INFO] [stderr]      2:     0x555b98cb94d0 - std::sys_common::backtrace::_print_fmt::h6c51d6ade71f46bf
[INFO] [stderr]                                  at /rustc/af3c6e733a40e671550e0f0f5aeecaa13772ba56/library/std/src/sys_common/backtrace.rs:79
[INFO] [stderr]      3:     0x555b98cb94d0 - <std::sys_common::backtrace::_print::DisplayBacktrace as core::fmt::Display>::fmt::h3cd15d7003dec37a
[INFO] [stderr]                                  at /rustc/af3c6e733a40e671550e0f0f5aeecaa13772ba56/library/std/src/sys_common/backtrace.rs:58
[INFO] [stderr]      4:     0x555b98cda60c - core::fmt::write::h1857a60b204f1b6a
[INFO] [stderr]                                  at /rustc/af3c6e733a40e671550e0f0f5aeecaa13772ba56/library/core/src/fmt/mod.rs:1080
[INFO] [stderr]      5:     0x555b98cb5567 - std::io::Write::write_fmt::hac61caff894c35ae
[INFO] [stderr]                                  at /rustc/af3c6e733a40e671550e0f0f5aeecaa13772ba56/library/std/src/io/mod.rs:1517
[INFO] [stderr]      6:     0x555b98cbbe50 - std::sys_common::backtrace::_print::haa2f390fb7957e3e
[INFO] [stderr]                                  at /rustc/af3c6e733a40e671550e0f0f5aeecaa13772ba56/library/std/src/sys_common/backtrace.rs:61
[INFO] [stderr]      7:     0x555b98cbbe50 - std::sys_common::backtrace::print::h48c7cbbad9013bb1
[INFO] [stderr]                                  at /rustc/af3c6e733a40e671550e0f0f5aeecaa13772ba56/library/std/src/sys_common/backtrace.rs:48
[INFO] [stderr]      8:     0x555b98cbbe50 - std::panicking::default_hook::{{closure}}::h8b7ff05a31e71d55
[INFO] [stderr]                                  at /rustc/af3c6e733a40e671550e0f0f5aeecaa13772ba56/library/std/src/panicking.rs:208
[INFO] [stderr]      9:     0x555b98cbbb9c - std::panicking::default_hook::h2f00c78800d98e4c
[INFO] [stderr]                                  at /rustc/af3c6e733a40e671550e0f0f5aeecaa13772ba56/library/std/src/panicking.rs:227
[INFO] [stderr]     10:     0x555b98cbc4b3 - std::panicking::rust_panic_with_hook::h4eaa635e4694aef3
[INFO] [stderr]                                  at /rustc/af3c6e733a40e671550e0f0f5aeecaa13772ba56/library/std/src/panicking.rs:577
[INFO] [stderr]     11:     0x555b98cbc089 - std::panicking::begin_panic_handler::{{closure}}::hec242f1b136b5ff2
[INFO] [stderr]                                  at /rustc/af3c6e733a40e671550e0f0f5aeecaa13772ba56/library/std/src/panicking.rs:484
[INFO] [stderr]     12:     0x555b98cb993c - std::sys_common::backtrace::__rust_end_short_backtrace::h1f3cc383ee6c0374
[INFO] [stderr]                                  at /rustc/af3c6e733a40e671550e0f0f5aeecaa13772ba56/library/std/src/sys_common/backtrace.rs:153
[INFO] [stderr]     13:     0x555b98cbc049 - rust_begin_unwind
[INFO] [stderr]                                  at /rustc/af3c6e733a40e671550e0f0f5aeecaa13772ba56/library/std/src/panicking.rs:483
[INFO] [stderr]     14:     0x555b98cd9931 - core::panicking::panic_fmt::hb15d6f55e8472f62
[INFO] [stderr]                                  at /rustc/af3c6e733a40e671550e0f0f5aeecaa13772ba56/library/core/src/panicking.rs:85
[INFO] [stderr]     15:     0x555b98cd9753 - core::option::expect_none_failed::he492a18657d97593
[INFO] [stderr]                                  at /rustc/af3c6e733a40e671550e0f0f5aeecaa13772ba56/library/core/src/option.rs:1221
[INFO] [stderr]     16:     0x555b98b41aaf - core::result::Result<T,E>::unwrap::hef7f172defc15fa1
[INFO] [stderr]                                  at /rustc/af3c6e733a40e671550e0f0f5aeecaa13772ba56/library/core/src/result.rs:973
[INFO] [stderr]     17:     0x555b98b466de - build_script_build::prepare_libtorch_dir::h54b119eb5e9231ed
[INFO] [stderr]                                  at /opt/rustwide/cargo-home/registry/src/github.com-1ecc6299db9ec823/torch-sys-0.1.1/build.rs:106
[INFO] [stderr]     18:     0x555b98b472c1 - build_script_build::main::h19220aaf8659ad3b
[INFO] [stderr]                                  at /opt/rustwide/cargo-home/registry/src/github.com-1ecc6299db9ec823/torch-sys-0.1.1/build.rs:143
[INFO] [stderr]     19:     0x555b98b4c9cb - core::ops::function::FnOnce::call_once::hd296e02af521ba20
[INFO] [stderr]                                  at /rustc/af3c6e733a40e671550e0f0f5aeecaa13772ba56/library/core/src/ops/function.rs:227
[INFO] [stderr]     20:     0x555b98b424ee - std::sys_common::backtrace::__rust_begin_short_backtrace::h2c9e05e1766bcbf0
[INFO] [stderr]                                  at /rustc/af3c6e733a40e671550e0f0f5aeecaa13772ba56/library/std/src/sys_common/backtrace.rs:137
[INFO] [stderr]     21:     0x555b98b413d1 - std::rt::lang_start::{{closure}}::h438e9bf78db2bb37
[INFO] [stderr]                                  at /rustc/af3c6e733a40e671550e0f0f5aeecaa13772ba56/library/std/src/rt.rs:66
[INFO] [stderr]     22:     0x555b98cbc981 - core::ops::function::impls::<impl core::ops::function::FnOnce<A> for &F>::call_once::hecc21eb9018cc197
[INFO] [stderr]                                  at /rustc/af3c6e733a40e671550e0f0f5aeecaa13772ba56/library/core/src/ops/function.rs:259
[INFO] [stderr]     23:     0x555b98cbc981 - std::panicking::try::do_call::h174ad655d084b5c7
[INFO] [stderr]                                  at /rustc/af3c6e733a40e671550e0f0f5aeecaa13772ba56/library/std/src/panicking.rs:381
[INFO] [stderr]     24:     0x555b98cbc981 - std::panicking::try::h479e6054ce28de10
[INFO] [stderr]                                  at /rustc/af3c6e733a40e671550e0f0f5aeecaa13772ba56/library/std/src/panicking.rs:345
[INFO] [stderr]     25:     0x555b98cbc981 - std::panic::catch_unwind::hb558ddea2b3e9c45
[INFO] [stderr]                                  at /rustc/af3c6e733a40e671550e0f0f5aeecaa13772ba56/library/std/src/panic.rs:382
[INFO] [stderr]     26:     0x555b98cbc981 - std::rt::lang_start_internal::h163149047f0a8b61
[INFO] [stderr]                                  at /rustc/af3c6e733a40e671550e0f0f5aeecaa13772ba56/library/std/src/rt.rs:51
[INFO] [stderr]     27:     0x555b98b413a7 - std::rt::lang_start::hd5ae8a183974df2f
[INFO] [stderr]                                  at /rustc/af3c6e733a40e671550e0f0f5aeecaa13772ba56/library/std/src/rt.rs:65
[INFO] [stderr]     28:     0x555b98b475ea - main
[INFO] [stderr]     29:     0x7f24562820b3 - __libc_start_main
[INFO] [stderr]     30:     0x555b98b3905e - _start
[INFO] [stderr]     31:                0x0 - <unknown>
[INFO] [stderr] warning: build failed, waiting for other jobs to finish...
[INFO] [stdout] error: proc macro panicked
[INFO] [stdout]    --> /opt/rustwide/cargo-home/registry/src/github.com-1ecc6299db9ec823/rocket_http-0.4.2/src/parse/uri/parser.rs:119:34
[INFO] [stdout]     |
[INFO] [stdout] 119 |             let path_and_query = pear_try!(path_and_query(is_pchar));
[INFO] [stdout]     |                                  ^^^^^^^^^^^^^^^^^^^^^^^^^^^^^^^^^^^
[INFO] [stdout]     |
[INFO] [stdout]     = help: message: called `Option::unwrap()` on a `None` value
[INFO] [stdout]     = note: this error originates in a macro (in Nightly builds, run with -Z macro-backtrace for more info)
[INFO] [stdout] 
[INFO] [stdout] 
[INFO] [stdout] error: proc macro panicked
[INFO] [stdout]    --> /opt/rustwide/cargo-home/registry/src/github.com-1ecc6299db9ec823/rocket_http-0.4.2/src/parse/uri/parser.rs:119:34
[INFO] [stdout]     |
[INFO] [stdout] 119 |             let path_and_query = pear_try!(path_and_query(is_pchar));
[INFO] [stdout]     |                                  ^^^^^^^^^^^^^^^^^^^^^^^^^^^^^^^^^^^
[INFO] [stdout]     |
[INFO] [stdout]     = help: message: called `Option::unwrap()` on a `None` value
[INFO] [stdout]     = note: this error originates in a macro (in Nightly builds, run with -Z macro-backtrace for more info)
[INFO] [stdout] 
[INFO] [stdout] 
[INFO] [stdout] error: aborting due to previous error
[INFO] [stdout] 
[INFO] [stdout] 
[INFO] [stdout] error: aborting due to previous error
[INFO] [stdout] 
[INFO] [stdout] 
[INFO] [stderr] error: build failed
[INFO] running `Command { std: "docker" "inspect" "10026d26e226303f4ddf9a7aca48ec45499f575c0932178fa8baecd8fec893ad", kill_on_drop: false }`
[INFO] running `Command { std: "docker" "rm" "-f" "10026d26e226303f4ddf9a7aca48ec45499f575c0932178fa8baecd8fec893ad", kill_on_drop: false }`
[INFO] [stdout] 10026d26e226303f4ddf9a7aca48ec45499f575c0932178fa8baecd8fec893ad
